s the hundreds digit of 2666?
6
What is the ten thousands digit of 54320?
5
What is the tens digit of 13120?
2
What is the ten thousands digit of 33480?
3
What is the hundreds digit of 1782?
7
What is the units digit of 339?
9
What is the tens digit of 7737?
3
What is the hundreds digit of 77071?
0
What is the thousands digit of 1480?
1
What is the hundreds digit of 487?
4
What is the tens digit of 1578?
7
What is the hundreds digit of 2855?
8
What is the units digit of 17?
7
What is the tens digit of 10110?
1
What is the tens digit of 6120?
2
What is the units digit of 1861?
1
What is the hundreds digit of 1987?
9
What is the units digit of 5441?
1
What is the hundreds digit of 9427?
4
What is the units digit of 108260?
0
What is the tens digit of 69657?
5
What is the tens digit of 12239?
3
What is the hundreds digit of 2035?
0
What is the units digit of 129378?
8
What is the thousands digit of 2063?
2
What is the tens digit of 3589?
8
What is the hundreds digit of 5006?
0
What is the thousands digit of 47742?
7
What is the thousands digit of 37487?
7
What is the ten thousands digit of 41469?
4
What is the hundreds digit of 541?
5
What is the hundred thousands digit of 139476?
1
What is the tens digit of 992?
9
What is the thousands digit of 27068?
7
What is the thousands digit of 24325?
4
What is the thousands digit of 1173?
1
What is the ten thousands digit of 15391?
1
What is the hundreds digit of 2093?
0
What is the units digit of 882?
2
What is the hundreds digit of 183?
1
What is the hundreds digit of 24408?
4
What is the hundreds digit of 512?
5
What is the tens digit of 2389?
8
What is the thousands digit of 5741?
5
What is the units digit of 10724?
4
What is the thousands digit of 1838?
1
What is the tens digit of 33?
3
What is the units digit of 173693?
3
What is the hundreds digit of 7587?
5
What is the tens digit of 770?
7
What is the thousands digit of 72348?
2
What is the units digit of 11387?
7
What is the units digit of 1572?
2
What is the units digit of 88756?
6
What is the thousands digit of 1459?
1
What is the units digit of 4990?
0
What is the thousands digit of 1136?
1
What is the thousands digit of 6859?
6
What is the hundreds digit of 4536?
5
What is the thousands digit of 1346?
1
What is the hundreds digit of 10024?
0
What is the hundreds digit of 8054?
0
What is the thousands digit of 3741?
3
What is the thousands digit of 5983?
5
What is the tens digit of 1126?
2
What is the units digit of 19236?
6
What is the hundreds digit of 74291?
2
What is the hundreds digit of 23946?
9
What is the units digit of 622?
2
What is the tens digit of 48210?
1
What is the units digit of 4199?
9
What is the tens digit of 18776?
7
What is the tens digit of 438?
3
What is the thousands digit of 15218?
5
What is the hundreds digit of 1208?
2
What is the thousands digit of 1037?
1
What is the hundreds digit of 2491?
4
What is the hundreds digit of 72246?
2
What is the units digit of 15909?
9
What is the hundreds digit of 4301?
3
What is the tens digit of 6456?
5
What is the hundreds digit of 24117?
1
What is the thousands digit of 9724?
9
What is the hundreds digit of 498?
4
What is the tens digit of 30648?
4
What is the hundreds digit of 3994?
9
What is the hundreds digit of 14821?
8
What is the units digit of 423?
3
What is the tens digit of 4760?
6
What is the thousands digit of 13960?
3
What is the units digit of 570?
0
What is the tens digit of 13120?
2
What is the units digit of 7448?
8
What is the units digit of 25?
5
What is the ten thousands digit of 14284?
1
What is the thousands digit of 1579?
1
What is the units digit of 76809?
9
What is the hundreds digit of 18384?
3
What is the ten thousands digit of 96517?
9
What is the units digit of 343?
3
What is the thousands digit of 32650?
2
What is the hundreds digit of 66400?
4
What is the hundreds digit of 4619?
6
What is the ten thousands digit of 92605?
9
What is the units digit of 19469?
9
What is the hundreds digit of 15662?
6
What is the units digit of 1605?
5
What is the tens digit of 137813?
1
What is the thousands digit of 1262?
1
What is the hundreds digit of 447?
4
What is the hundreds digit of 2669?
6
What is the units digit of 7158?
8
What is the units digit of 15505?
5
What is the hundreds digit of 135?
1
What is the hundreds digit of 3169?
1
What is the tens digit of 3658?
5
What is the thousands digit of 3130?
3
What is the ten thousands digit of 56285?
5
What is the thousands digit of 18641?
8
What is the thousands digit of 4315?
4
What is the ten thousands digit of 11717?
1
What is the thousands digit of 4164?
4
What is the hundreds digit of 17701?
7
What is the tens digit of 17027?
2
What is the thousands digit of 53421?
3
What is the thousands digit of 66386?
6
What is the hundreds digit of 2149?
1
What is the tens digit of 2003?
0
What is the thousands digit of 4445?
4
What is the tens digit of 897?
9
What is the thousands digit of 23494?
3
What is the tens digit of 788?
8
What is the tens digit of 517?
1
What is the hundreds digit of 17629?
6
What is the tens digit of 1325?
2
What is the hundreds digit of 583?
5
What is the hundreds digit of 834?
8
What is the tens digit of 300?
0
What is the hundreds digit of 1072?
0
What is the thousands digit of 1154?
1
What is the tens digit of 8050?
5
What is the units digit of 1101?
1
What is the ten thousands digit of 86794?
8
What is the units digit of 13068?
8
What is the tens digit of 16984?
8
What is the hundreds digit of 133?
1
What is the hundreds digit of 16184?
1
What is the hundreds digit of 615?
6
What is the units digit of 2181?
1
What is the thousands digit of 10547?
0
What is the tens digit of 9862?
6
What is the thousands digit of 73093?
3
What is the thousands digit of 12255?
2
What is the thousands digit of 79594?
9
What is the units digit of 7136?
6
What is the hundreds digit of 2921?
9
What is the units digit of 670?
0
What is the ten thousands digit of 10695?
1
What is the units digit of 9576?
6
What is the tens digit of 194?
9
What is the hundreds digit of 2598?
5
What is the units digit of 70397?
7
What is the hundreds digit of 220?
2
What is the hundreds digit of 36420?
4
What is the thousands digit of 20852?
0
What is the tens digit of 2008?
0
What is the units digit of 27522?
2
What is the tens digit of 1585?
8
What is the units digit of 780?
0
What is the hundreds digit of 389?
3
What is the tens digit of 3146?
4
What is the hundreds digit of 662?
6
What is the units digit of 305?
5
What is the units digit of 189916?
6
What is the units digit of 6197?
7
What is the hundreds digit of 46114?
1
What is the hundreds digit of 4825?
8
What is the units digit of 135104?
4
What is the tens digit of 8055?
5
What is the tens digit of 54?
5
What is the tens digit of 6556?
5
What is the tens digit of 448?
4
What is the tens digit of 44819?
1
What is the units digit of 84196?
6
What is the tens digit of 951?
5
What is the units digit of 394?
4
What is the hundreds digit of 4096?
0
What is the thousands digit of 3331?
3
What is the tens digit of 3078?
7
What is the hundreds digit of 109390?
3
What is the units digit of 117999?
9
What is the hundreds digit of 3378?
3
What is the tens digit of 2314?
1
What is the hundreds digit of 960?
9
What is the thousands digit of 1428?
1
What is the tens digit of 90696?
9
What is the thousands digit of 6857?
6
What is the units digit of 1755?
5
What is the units digit of 81?
1
What is the hundreds digit of 13616?
6
What is the units digit of 34096?
6
What is the hundreds digit of 274?
2
What is the units digit of 4989?
9
What is the tens digit of 2427?
2
What is the units digit of 35892?
2
What is the hundreds digit of 847?
8
What is the units digit of 51158?
8
What is the tens digit of 10943?
4
What is the hundreds digit of 33701?
7
What is the units digit of 6671?
1
What is the units digit of 1060?
0
What is the thousands digit of 67512?
7
What is the tens digit of 1126?
2
What is the ten thousands digit of 206841?
0
What is the thousands digit of 29979?
9
What is the hundreds digit of 658?
6
What is the units digit of 34?
4
What is the thousands digit of 4755?
4
What is the thousands digit of 2641?
2
What is the tens digit of 3070?
7
What is the ten thousands digit o